{"id":18131,"date":"2022-09-05T11:59:34","date_gmt":"2022-09-05T08:59:34","guid":{"rendered":"http:\/\/searchandrescuetr.com\/urun\/evolite-troll-a-dagci-cadiri\/"},"modified":"2022-09-05T12:01:27","modified_gmt":"2022-09-05T09:01:27","slug":"evolite-troll-a-dagci-cadiri","status":"publish","type":"product","link":"https:\/\/searchandrescuetr.com\/?product=evolite-troll-a-dagci-cadiri","title":{"rendered":"Evolite Troll-A Da\u011fc\u0131 \u00c7ad\u0131r\u0131"},"content":{"rendered":"<p><span style=\"vertical-align: inherit;\"><span style=\"vertical-align: inherit;\"><\/span><\/span><\/p>\n","protected":false},"excerpt":{"rendered":"<p><span style=\"font-weight: bold;\">BE\u015e<\/span> mevsim kullan\u0131ma uygun <strong>Aluminium poll\u00fc, Kar etekli<\/strong> zor ko\u015fullar i\u00e7in \u00fcretilmi\u015f 3 polden olu\u015fan&nbsp;<span style=\"font-weight: bold;\">\u00e7ift bagajl\u0131, \u00e7ift kap\u0131l\u0131&nbsp;<\/span><\/p>\n<p>\u00c7ad\u0131r\u0131n D\u0131\u015f Tentesi, Polyester Diamond&nbsp;<span style=\"font-weight: bold;\">Ripstop <\/span>kuma\u015f sayesinde&nbsp;hasarlara kar\u015f\u0131 y\u0131rt\u0131lmay\u0131 engelleyici \u00f6zelli\u011fe sahiptir.<\/p>\n<p>TROLL A Da\u011fc\u0131 \u00e7ad\u0131r\u0131 k\u0131sa zamanda pratik bir kurulum sa\u011flamaktad\u0131r. ( TROLL-B den tek fark\u0131 pol kal\u0131nl\u0131klar\u0131d\u0131r.)<\/p>\n<p>\u00dcst kuma\u015f\u0131 <strong>5000 mm<\/strong>\/cm\u00b2 su bas\u0131nc\u0131na alt kuma\u015f\u0131 <strong>10.000 mm<\/strong>\/cm\u00b2 su bas\u0131nc\u0131na dayan\u0131kl\u0131d\u0131r.<\/p>\n<ul>\n<li><strong>Toplam A\u011f\u0131rl\u0131k:<\/strong> 4.25 kg.&nbsp;<\/li>\n<li><strong>Model:<\/strong> Troll -A&nbsp;<\/li>\n<li><strong>Kapasite:<\/strong> 2+1 Ki\u015filik<\/li>\n<li><span style=\"font-weight: bold;\">Yap\u0131s\u0131: <\/span>\u00c7ift Katmanl\u0131 (\u00c7ift Tente) Tek Kurulum<\/li>\n<li><strong>\u00d6l\u00e7\u00fcler:<\/strong> 215X110+165+110X115 cm<\/li>\n<li><strong>D\u0131\u015f Kuma\u015f:<\/strong> Polyester Diamond <span style=\"font-weight: bold;\">Ripstop<\/span> 5000 mm\/cm\u00b2, Bantlanm\u0131\u015f Diki\u015fler&nbsp;<\/li>\n<li><strong>\u0130\u00e7 Kuma\u015f:<\/strong> Breathable Polyester (Nefes Alabilir) + Cibinlik<\/li>\n<li><strong>Alt Taban:<\/strong> Polyester 100D, <span style=\"font-weight: bold;\">PU<\/span> Kaplamal\u0131 10000 mm\/cm\u00b2<\/li>\n<li><strong>Poller:<\/strong> 8.5 mm. Duraluminium<\/li>\n<\/ul>\n","protected":false},"featured_media":31340,"template":"","meta":[],"product_brand":[],"product_cat":[771,770,720],"product_tag":[151],"class_list":{"0":"post-18131","1":"product","2":"type-product","3":"status-publish","4":"has-post-thumbnail","6":"product_cat-5-mevsim-cadirlar","7":"product_cat-cadirlar-ve-bivaklar","8":"product_cat-kamp-ve-seyahat","9":"product_tag-evolite","11":"first","12":"instock","13":"taxable","14":"shipping-taxable","15":"product-type-simple"},"_links":{"self":[{"href":"https:\/\/searchandrescuetr.com\/index.php?rest_route=\/wp\/v2\/product\/18131","targetHints":{"allow":["GET"]}}],"collection":[{"href":"https:\/\/searchandrescuetr.com\/index.php?rest_route=\/wp\/v2\/product"}],"about":[{"href":"https:\/\/searchandrescuetr.com\/index.php?rest_route=\/wp\/v2\/types\/product"}],"wp:featuredmedia":[{"embeddable":true,"href":"https:\/\/searchandrescuetr.com\/index.php?rest_route=\/wp\/v2\/media\/31340"}],"wp:attachment":[{"href":"https:\/\/searchandrescuetr.com\/index.php?rest_route=%2Fwp%2Fv2%2Fmedia&parent=18131"}],"wp:term":[{"taxonomy":"product_brand","embeddable":true,"href":"https:\/\/searchandrescuetr.com\/index.php?rest_route=%2Fwp%2Fv2%2Fproduct_brand&post=18131"},{"taxonomy":"product_cat","embeddable":true,"href":"https:\/\/searchandrescuetr.com\/index.php?rest_route=%2Fwp%2Fv2%2Fproduct_cat&post=18131"},{"taxonomy":"product_tag","embeddable":true,"href":"https:\/\/searchandrescuetr.com\/index.php?rest_route=%2Fwp%2Fv2%2Fproduct_tag&post=18131"}],"curies":[{"name":"wp","href":"https:\/\/api.w.org\/{rel}","templated":true}]}}