{"id":18140,"date":"2022-09-05T12:01:59","date_gmt":"2022-09-05T09:01:59","guid":{"rendered":"http:\/\/searchandrescuetr.com\/urun\/ferrino-monster-lite-3-cadir\/"},"modified":"2022-09-05T12:02:01","modified_gmt":"2022-09-05T09:02:01","slug":"ferrino-monster-lite-3-cadir","status":"publish","type":"product","link":"https:\/\/searchandrescuetr.com\/?product=ferrino-monster-lite-3-cadir","title":{"rendered":"Ferrino Monster Lite 3 \u00c7ad\u0131r"},"content":{"rendered":"<p><span style=\"vertical-align: inherit;\"><span style=\"vertical-align: inherit;\"><\/span><\/span><\/p>\n","protected":false},"excerpt":{"rendered":"<p><span style=\"font-weight: bold; font-size: 10pt;\">\u00d6ZELL\u0130KLER<br \/>\n\t<\/span><\/p>\n<div><span style=\"font-size: 10pt;\">3 ki\u015filiktir ve bir y\u00fcksek irtifa \u00e7ad\u0131r\u0131 olarak kullan\u0131labilir.<\/span><\/div>\n<div><span style=\"font-size: 10pt;\"><\/span><\/div>\n<ul>\n<li><span style=\"font-weight: bold; font-size: 10pt;\">A\u011f\u0131rl\u0131k:<\/span> <span style=\"font-size: 10pt;\">minimum 2,8 kg \/ maksimum 3,4 kg<\/span><\/li>\n<li><span style=\"font-size: 10pt;\">Kurulumu h\u0131zl\u0131 ve kolayd\u0131r<\/span><\/li>\n<li><span style=\"font-size: 10pt;\"><span style=\"font-weight: bold;\">D\u0131\u015f tente:<\/span> nefes alabilir ve su ge\u00e7irmez \u00f6zellikte kuma\u015f<\/span><\/li>\n<li><span style=\"font-size: 10pt;\"><span style=\"font-weight: bold;\">Zemin:<\/span> 8000mm&#8217;ye kadar su ge\u00e7irmezlik \u00f6zelli\u011finde kuma\u015f<\/span><\/li>\n<li><span style=\"font-size: 10pt;\">Hafif ve kompakt yap\u0131s\u0131yla y\u00fcksek performans sa\u011flar<\/span><\/li>\n<li><span style=\"font-size: 10pt;\">2 giri\u015flidir<\/span><\/li>\n<li><span style=\"font-size: 10pt;\">\u0130ki adet duraluminyum pol\u00fc&nbsp; ve al\u00fcminyum kaz\u0131klar\u0131yla dayan\u0131kl\u0131 bir tasar\u0131ma sahiptir<\/span><\/li>\n<li><span style=\"font-size: 10pt;\">Kar etekleri bulunur<\/span><\/li>\n<\/ul>\n<div>&nbsp;<\/div>\n<div>&nbsp;<\/div>\n<p>\n\t<iframe src=\"\/\/www.youtube.com\/embed\/248bNC12-rM\" width=\"420\" height=\"315\" frameborder=\"0\"><\/iframe><\/p>\n","protected":false},"featured_media":31377,"template":"","meta":[],"product_brand":[],"product_cat":[771,770,720],"product_tag":[725],"class_list":{"0":"post-18140","1":"product","2":"type-product","3":"status-publish","4":"has-post-thumbnail","6":"product_cat-5-mevsim-cadirlar","7":"product_cat-cadirlar-ve-bivaklar","8":"product_cat-kamp-ve-seyahat","9":"product_tag-ferrino","11":"first","12":"instock","13":"taxable","14":"shipping-taxable","15":"product-type-simple"},"_links":{"self":[{"href":"https:\/\/searchandrescuetr.com\/index.php?rest_route=\/wp\/v2\/product\/18140","targetHints":{"allow":["GET"]}}],"collection":[{"href":"https:\/\/searchandrescuetr.com\/index.php?rest_route=\/wp\/v2\/product"}],"about":[{"href":"https:\/\/searchandrescuetr.com\/index.php?rest_route=\/wp\/v2\/types\/product"}],"wp:featuredmedia":[{"embeddable":true,"href":"https:\/\/searchandrescuetr.com\/index.php?rest_route=\/wp\/v2\/media\/31377"}],"wp:attachment":[{"href":"https:\/\/searchandrescuetr.com\/index.php?rest_route=%2Fwp%2Fv2%2Fmedia&parent=18140"}],"wp:term":[{"taxonomy":"product_brand","embeddable":true,"href":"https:\/\/searchandrescuetr.com\/index.php?rest_route=%2Fwp%2Fv2%2Fproduct_brand&post=18140"},{"taxonomy":"product_cat","embeddable":true,"href":"https:\/\/searchandrescuetr.com\/index.php?rest_route=%2Fwp%2Fv2%2Fproduct_cat&post=18140"},{"taxonomy":"product_tag","embeddable":true,"href":"https:\/\/searchandrescuetr.com\/index.php?rest_route=%2Fwp%2Fv2%2Fproduct_tag&post=18140"}],"curies":[{"name":"wp","href":"https:\/\/api.w.org\/{rel}","templated":true}]}}