{"id":18144,"date":"2022-09-05T12:01:59","date_gmt":"2022-09-05T09:01:59","guid":{"rendered":"http:\/\/searchandrescuetr.com\/urun\/evolite-oregon-4-mevsim-cadir\/"},"modified":"2022-09-05T12:03:48","modified_gmt":"2022-09-05T09:03:48","slug":"evolite-oregon-4-mevsim-cadir","status":"publish","type":"product","link":"https:\/\/searchandrescuetr.com\/?product=evolite-oregon-4-mevsim-cadir","title":{"rendered":"Evolite Oregon (4 Mevsim) \u00c7ad\u0131r"},"content":{"rendered":"<p><span style=\"vertical-align: inherit;\"><span style=\"vertical-align: inherit;\"><\/span><\/span><\/p>\n","protected":false},"excerpt":{"rendered":"<p style=\"color: #8a8a8a; font-family: Verdana, Geneva, Arial, Helvetica, sans-serif; font-size: 11px; background-color: #ffffff;\"><span style=\"color: #000000;\">D\u00f6rt Mevsim Kullanabilece\u011finiz nefes alabilir Kuma\u015f geni\u015f y\u00fckl\u00fckl\u00fc \u00e7ad\u0131r<\/span><\/p>\n<table style=\"color: #8a8a8a; font-family: Verdana, Geneva, Arial, Helvetica, sans-serif; font-size: 11px; background-color: #ffffff; width: 340px; height: 213px; padding: 0px; margin: 0px;\" width=\"340\" cellspacing=\"1\" cellpadding=\"1\" border=\"1\">\n<tbody style=\"padding: 0px; margin: 0px;\">\n<tr style=\"padding: 0px; margin: 0px;\">\n<td style=\"padding: 0px; margin: 0px;\"><span style=\"color: #000000;\"><strong style=\"padding: 0px; margin: 0px;\">Model :<\/strong><\/span><\/td>\n<td style=\"padding: 0px; margin: 0px;\"><span style=\"color: #000000;\">Evolite oregon-4 mevsim \u00e7ad\u0131r<\/span><\/td>\n<\/tr>\n<tr style=\"padding: 0px; margin: 0px;\">\n<td style=\"padding: 0px; margin: 0px;\"><span style=\"color: #000000;\"><strong style=\"padding: 0px; margin: 0px;\">\u00dcr\u00fcn Kodu :<\/strong><\/span><\/td>\n<td style=\"padding: 0px; margin: 0px;\"><span style=\"color: #000000;\">EVO-03<\/span><\/td>\n<\/tr>\n<tr style=\"padding: 0px; margin: 0px;\">\n<td style=\"padding: 0px; margin: 0px;\"><span style=\"color: #000000;\"><strong style=\"padding: 0px; margin: 0px;\">Kapasite :<\/strong><\/span><\/td>\n<td style=\"padding: 0px; margin: 0px;\"><span style=\"color: #000000;\">2 Ki\u015filik<\/span><\/td>\n<\/tr>\n<tr style=\"padding: 0px; margin: 0px;\">\n<td style=\"padding: 0px; margin: 0px;\"><span style=\"color: #000000;\"><strong style=\"padding: 0px; margin: 0px;\">\u00d6l\u00e7\u00fcler :<\/strong><\/span><\/td>\n<td style=\"padding: 0px; margin: 0px;\"><span style=\"color: #000000;\">130 x 105+215 x&nbsp;&nbsp;115 cm<span style=\"font-size: 11px; padding: 0px; margin: 0px;\">&nbsp;<\/span><\/span><\/td>\n<\/tr>\n<tr style=\"padding: 0px; margin: 0px;\">\n<td style=\"padding: 0px; margin: 0px;\"><span style=\"color: #000000;\"><strong style=\"padding: 0px; margin: 0px;\">\u00dcst Kuma\u015f :<\/strong><\/span><\/td>\n<td style=\"padding: 0px; margin: 0px;\"><span style=\"color: #000000;\">Polyester Diamond Ripstop 5000mm.<\/span><\/td>\n<\/tr>\n<tr style=\"padding: 0px; margin: 0px;\">\n<td style=\"padding: 0px; margin: 0px;\"><span style=\"color: #000000;\"><strong style=\"padding: 0px; margin: 0px;\">Alt Kuma\u015f :<\/strong><\/span><\/td>\n<td style=\"padding: 0px; margin: 0px;\"><span style=\"color: #000000;\">Breathable Polyester Ripstop&nbsp;<\/span><\/td>\n<\/tr>\n<tr style=\"padding: 0px; margin: 0px;\">\n<td style=\"padding: 0px; margin: 0px;\"><span style=\"color: #000000;\"><strong style=\"padding: 0px; margin: 0px;\">Zemin :<\/strong><\/span><\/td>\n<td style=\"padding: 0px; margin: 0px;\"><span style=\"color: #000000;\">Polyester 100D 8000mm<\/span><\/td>\n<\/tr>\n<tr style=\"padding: 0px; margin: 0px;\">\n<td style=\"padding: 0px; margin: 0px;\"><span style=\"color: #000000;\"><strong style=\"padding: 0px; margin: 0px;\">Poller :<\/strong><\/span><\/td>\n<td style=\"padding: 0px; margin: 0px;\"><span style=\"color: #000000;\">Fiberglass poles 8.5mm<\/span><\/td>\n<\/tr>\n<tr style=\"padding: 0px; margin: 0px;\">\n<td style=\"padding: 0px; margin: 0px;\"><span style=\"color: #000000;\"><strong style=\"padding: 0px; margin: 0px;\">A\u011f\u0131rl\u0131k :<\/strong><\/span><\/td>\n<td style=\"padding: 0px; margin: 0px;\"><span style=\"color: #000000;\">2.90 kg<\/span><\/td>\n<\/tr>\n<\/tbody>\n<\/table>\n<p>&nbsp;<\/p>\n","protected":false},"featured_media":31408,"template":"","meta":[],"product_brand":[],"product_cat":[774,770,720],"product_tag":[151],"class_list":{"0":"post-18144","1":"product","2":"type-product","3":"status-publish","4":"has-post-thumbnail","6":"product_cat-4-mevsim-cadirlar","7":"product_cat-cadirlar-ve-bivaklar","8":"product_cat-kamp-ve-seyahat","9":"product_tag-evolite","11":"first","12":"instock","13":"taxable","14":"shipping-taxable","15":"product-type-simple"},"_links":{"self":[{"href":"https:\/\/searchandrescuetr.com\/index.php?rest_route=\/wp\/v2\/product\/18144","targetHints":{"allow":["GET"]}}],"collection":[{"href":"https:\/\/searchandrescuetr.com\/index.php?rest_route=\/wp\/v2\/product"}],"about":[{"href":"https:\/\/searchandrescuetr.com\/index.php?rest_route=\/wp\/v2\/types\/product"}],"wp:featuredmedia":[{"embeddable":true,"href":"https:\/\/searchandrescuetr.com\/index.php?rest_route=\/wp\/v2\/media\/31408"}],"wp:attachment":[{"href":"https:\/\/searchandrescuetr.com\/index.php?rest_route=%2Fwp%2Fv2%2Fmedia&parent=18144"}],"wp:term":[{"taxonomy":"product_brand","embeddable":true,"href":"https:\/\/searchandrescuetr.com\/index.php?rest_route=%2Fwp%2Fv2%2Fproduct_brand&post=18144"},{"taxonomy":"product_cat","embeddable":true,"href":"https:\/\/searchandrescuetr.com\/index.php?rest_route=%2Fwp%2Fv2%2Fproduct_cat&post=18144"},{"taxonomy":"product_tag","embeddable":true,"href":"https:\/\/searchandrescuetr.com\/index.php?rest_route=%2Fwp%2Fv2%2Fproduct_tag&post=18144"}],"curies":[{"name":"wp","href":"https:\/\/api.w.org\/{rel}","templated":true}]}}