{"id":18148,"date":"2022-09-05T12:04:38","date_gmt":"2022-09-05T09:04:38","guid":{"rendered":"http:\/\/searchandrescuetr.com\/urun\/ferrino-shaba-4-aluminyum-pole-cadir\/"},"modified":"2022-09-05T12:05:11","modified_gmt":"2022-09-05T09:05:11","slug":"ferrino-shaba-4-aluminyum-pole-cadir","status":"publish","type":"product","link":"https:\/\/searchandrescuetr.com\/?product=ferrino-shaba-4-aluminyum-pole-cadir","title":{"rendered":"Ferrino Shaba 4 Al\u00fcminyum Pole \u00c7ad\u0131r"},"content":{"rendered":"<p><span style=\"vertical-align: inherit;\"><span style=\"vertical-align: inherit;\"><\/span><\/span><\/p>\n","protected":false},"excerpt":{"rendered":"<p><strong>Ferrino SHABA 4 Al\u00fcminyum poll\u00fc, 4 ki\u015filik \u00c7ad\u0131r<\/strong>, Geni\u015f bagajl\u0131, ta\u015f\u0131nabilir zeminle tamamlanm\u0131\u015f, geni\u015f,konforlu \u00e7ad\u0131r.&nbsp;<\/p>\n<p>Hacim 6.90 m\u00b3&nbsp;<\/p>\n<p>D\u00f6rt ki\u015filik&nbsp;<\/p>\n<p><strong>D\u0131\u015f Tente:<\/strong> <span style=\"text-decoration: underline;\">Al\u00fcminize Polyester <strong><span style=\"text-decoration: underline;\">19<\/span>0T,2000mm<\/strong><\/span>.<\/p>\n<p><strong>Taban:<\/strong> <span style=\"text-decoration: underline;\">Polyester <strong>210T,2500mm<\/strong>.<\/span><\/p>\n<p><strong>A\u011f\u0131rl\u0131k:<\/strong> Max.\/Min. 7,9 &#8211; 7,0 kg<\/p>\n<p><strong>Y\u00fckseklik:<\/strong> 205 cm&nbsp;<\/p>\n<p><span style=\"font-weight: bold;\">\u00dcr\u00fcn kodu:<\/span> 92032UM&nbsp;<\/p>\n<p><strong>Kuma\u015f&nbsp;<\/strong><\/p>\n<ul>\n<li>Termal yal\u0131t\u0131ml\u0131 al\u00fcminize edilmi\u015f, polyesterden d\u0131\u015f tente.&nbsp;<\/li>\n<li>Soluyabilir, su ge\u00e7irmez, pamuk-naylon i\u00e7 tente&nbsp;<\/li>\n<li>Zemin termal yal\u0131t\u0131ml\u0131 al\u00fcminize edilmi\u015f polyester&nbsp;<\/li>\n<li>D\u0131\u015f tente ve zeminde bantl\u0131 diki\u015fler&nbsp;<\/li>\n<\/ul>\n<p><strong>Yap\u0131:&nbsp;<\/strong><\/p>\n<ul>\n<li>3 \u015eoka Dayan\u0131kl\u0131 <span style=\"font-weight: bold;\">Dural\u00fcminyum<\/span>&nbsp;pol&nbsp;<\/li>\n<li>Hareket alan\u0131n\u0131 art\u0131ran \u00f6zel \u015fekillendirilmi\u015f bagaj pol\u00fc&nbsp;<\/li>\n<li>\u00c7elik sabitleme kaz\u0131klar\u0131&nbsp;<\/li>\n<li>Poller i\u00e7in i\u00e7 tentede klipsler ve tepede d\u0131\u015f tente-pol ba\u011flant\u0131s\u0131&nbsp;<\/li>\n<\/ul>\n<p><strong>Giri\u015f ve Havaland\u0131rma<\/strong>&nbsp;<\/p>\n<ul>\n<li>2 Bagaj, 2 Giri\u015f<\/li>\n<li>Sineklikli kap\u0131lar&nbsp;<\/li>\n<li>Havaland\u0131rma \u00e7\u0131k\u0131\u015flar\u0131&nbsp;<\/li>\n<li>Ayarlanabilir kar ete\u011fi&nbsp;<\/li>\n<li>\u0130\u00e7 tentede &#8220;Air\u201d havaland\u0131rma sistemi&nbsp;<\/li>\n<\/ul>\n<p><strong>Aksesuar&nbsp;<\/strong><\/p>\n<ul>\n<li>Ek olarak,ta\u015f\u0131nabilir zemin&nbsp;<\/li>\n<li>Gerdirme ipleri&nbsp;<\/li>\n<li>Bagaj kemer pol\u00fc kolay kurulum i\u00e7in farkl\u0131 renkte&nbsp;<\/li>\n<li>\u0130\u00e7 cepler&nbsp;<\/li>\n<li>I\u015f\u0131k klipsi&nbsp;<\/li>\n<li>Ta\u015f\u0131ma \u00e7antas\u0131&nbsp;<\/li>\n<li>Tamir kiti<\/li>\n<\/ul>\n<p><\/p>\n<p><iframe src=\"https:\/\/www.youtube.com\/embed\/O3VtCoDCWD0\" allowfullscreen=\"\" width=\"560\" height=\"315\" frameborder=\"0\"><\/iframe><\/p>\n","protected":false},"featured_media":31446,"template":"","meta":[],"product_brand":[],"product_cat":[775,770,720],"product_tag":[725],"class_list":{"0":"post-18148","1":"product","2":"type-product","3":"status-publish","4":"has-post-thumbnail","6":"product_cat-3-mevsim-cadirlar","7":"product_cat-cadirlar-ve-bivaklar","8":"product_cat-kamp-ve-seyahat","9":"product_tag-ferrino","11":"first","12":"instock","13":"taxable","14":"shipping-taxable","15":"product-type-simple"},"_links":{"self":[{"href":"https:\/\/searchandrescuetr.com\/index.php?rest_route=\/wp\/v2\/product\/18148","targetHints":{"allow":["GET"]}}],"collection":[{"href":"https:\/\/searchandrescuetr.com\/index.php?rest_route=\/wp\/v2\/product"}],"about":[{"href":"https:\/\/searchandrescuetr.com\/index.php?rest_route=\/wp\/v2\/types\/product"}],"wp:featuredmedia":[{"embeddable":true,"href":"https:\/\/searchandrescuetr.com\/index.php?rest_route=\/wp\/v2\/media\/31446"}],"wp:attachment":[{"href":"https:\/\/searchandrescuetr.com\/index.php?rest_route=%2Fwp%2Fv2%2Fmedia&parent=18148"}],"wp:term":[{"taxonomy":"product_brand","embeddable":true,"href":"https:\/\/searchandrescuetr.com\/index.php?rest_route=%2Fwp%2Fv2%2Fproduct_brand&post=18148"},{"taxonomy":"product_cat","embeddable":true,"href":"https:\/\/searchandrescuetr.com\/index.php?rest_route=%2Fwp%2Fv2%2Fproduct_cat&post=18148"},{"taxonomy":"product_tag","embeddable":true,"href":"https:\/\/searchandrescuetr.com\/index.php?rest_route=%2Fwp%2Fv2%2Fproduct_tag&post=18148"}],"curies":[{"name":"wp","href":"https:\/\/api.w.org\/{rel}","templated":true}]}}