{"id":18150,"date":"2022-09-05T12:04:38","date_gmt":"2022-09-05T09:04:38","guid":{"rendered":"http:\/\/searchandrescuetr.com\/urun\/ferrino-chaos-3-cadir\/"},"modified":"2022-09-05T12:05:21","modified_gmt":"2022-09-05T09:05:21","slug":"ferrino-chaos-3-cadir","status":"publish","type":"product","link":"https:\/\/searchandrescuetr.com\/?product=ferrino-chaos-3-cadir","title":{"rendered":"Ferrino Chaos 3 \u00c7ad\u0131r"},"content":{"rendered":"<p><span style=\"vertical-align: inherit;\"><span style=\"vertical-align: inherit;\"><\/span><\/span><\/p>\n","protected":false},"excerpt":{"rendered":"<p><span style=\"font-weight: bold;\">Ferrino CHAOS 3 \u00c7ad\u0131r<\/span>&nbsp;<br \/>\n\tHacim 1.90 m\u00b3 <br \/>\n\t\u00dc\u00e7 ki\u015filik <br \/>\n\tA\u011f\u0131rl\u0131k: Max.\/Min. 2,9-2,65 kg<\/p>\n<p><span style=\"font-weight: bold;\">Y\u00fckseklik<\/span> 110 cm <br \/>\n\t<span style=\"font-weight: bold;\">\u00dcr\u00fcn kodu<\/span> 91158SM <\/p>\n<p>\tDural\u00fcminyum yap\u0131 radyal birle\u015fim sistemiyle g\u00fc\u00e7lendirilmi\u015f; \u00e7ift, kubbe pol\u00fcyle fevkalade konfor sa\u011flayan \u00e7ad\u0131r. <br \/>\n\t<span style=\"font-weight: bold;\">Kuma\u015f<\/span> <br \/>\n\tD\u0131\u015f tente y\u0131rt\u0131lmaz polyester (3000mm) <br \/>\n\tTextile H.T.&reg;, soluyabilir, su ge\u00e7irmez , sineklikli i\u00e7 tente <br \/>\n\tZemin <span style=\"font-weight: bold;\">3000mm<\/span> ye kadar su ge\u00e7irmez polyester <br \/>\n\tD\u0131\u015f tente ve zeminde bantl\u0131 diki\u015fler <\/p>\n<p>\t<span style=\"font-weight: bold;\">Yap\u0131 <\/span><br \/>\n\tYap\u0131y\u0131 destekleyen \u015foka dayan\u0131kl\u0131 dural\u00fcminyum poller ve radyal birle\u015fme sistemi <br \/>\n\tFarkl\u0131 renkte 2 adet 8.5 mm. dural\u00fcminyum kubbe pol <br \/>\n\tPoller i\u00e7in i\u00e7 tentede klipsler <br \/>\n\tAl\u00fcminyum sabitleme kaz\u0131klar\u0131 <br \/>\n\tGiri\u015f ve havaland\u0131rma <br \/>\n\tBagaj <br \/>\n\tFul a\u00e7\u0131lan sineklikli kap\u0131lar <br \/>\n\tHavaland\u0131rma \u00e7\u0131k\u0131\u015flar\u0131 <br \/>\n\t&#8220;Camera air\u201d havaland\u0131rma sistemi <br \/>\n\t<span style=\"font-weight: bold;\">Aksesuar<\/span> \n\t<\/p>\n<ul>\n<li>Gerdirme ipleri <\/li>\n<li>\u0130\u00e7 cepler <\/li>\n<li>I\u015f\u0131k klipsi <\/li>\n<li>Ta\u015f\u0131ma \u00e7antas\u0131 <\/li>\n<li>Tamir kiti<\/li>\n<\/ul>\n<p>&nbsp;<\/p>\n<p><iframe src=\"https:\/\/www.youtube.com\/embed\/Tin8Zd2wZCM\" allowfullscreen=\"\" width=\"560\" height=\"315\" frameborder=\"0\"><\/iframe><\/p>\n","protected":false},"featured_media":31456,"template":"","meta":[],"product_brand":[],"product_cat":[775,770,720],"product_tag":[725],"class_list":{"0":"post-18150","1":"product","2":"type-product","3":"status-publish","4":"has-post-thumbnail","6":"product_cat-3-mevsim-cadirlar","7":"product_cat-cadirlar-ve-bivaklar","8":"product_cat-kamp-ve-seyahat","9":"product_tag-ferrino","11":"first","12":"instock","13":"taxable","14":"shipping-taxable","15":"product-type-simple"},"_links":{"self":[{"href":"https:\/\/searchandrescuetr.com\/index.php?rest_route=\/wp\/v2\/product\/18150","targetHints":{"allow":["GET"]}}],"collection":[{"href":"https:\/\/searchandrescuetr.com\/index.php?rest_route=\/wp\/v2\/product"}],"about":[{"href":"https:\/\/searchandrescuetr.com\/index.php?rest_route=\/wp\/v2\/types\/product"}],"wp:featuredmedia":[{"embeddable":true,"href":"https:\/\/searchandrescuetr.com\/index.php?rest_route=\/wp\/v2\/media\/31456"}],"wp:attachment":[{"href":"https:\/\/searchandrescuetr.com\/index.php?rest_route=%2Fwp%2Fv2%2Fmedia&parent=18150"}],"wp:term":[{"taxonomy":"product_brand","embeddable":true,"href":"https:\/\/searchandrescuetr.com\/index.php?rest_route=%2Fwp%2Fv2%2Fproduct_brand&post=18150"},{"taxonomy":"product_cat","embeddable":true,"href":"https:\/\/searchandrescuetr.com\/index.php?rest_route=%2Fwp%2Fv2%2Fproduct_cat&post=18150"},{"taxonomy":"product_tag","embeddable":true,"href":"https:\/\/searchandrescuetr.com\/index.php?rest_route=%2Fwp%2Fv2%2Fproduct_tag&post=18150"}],"curies":[{"name":"wp","href":"https:\/\/api.w.org\/{rel}","templated":true}]}}