{"id":18151,"date":"2022-09-05T12:04:38","date_gmt":"2022-09-05T09:04:38","guid":{"rendered":"http:\/\/searchandrescuetr.com\/urun\/ferrino-baffin-3-cadir\/"},"modified":"2022-09-05T12:05:48","modified_gmt":"2022-09-05T09:05:48","slug":"ferrino-baffin-3-cadir","status":"publish","type":"product","link":"https:\/\/searchandrescuetr.com\/?product=ferrino-baffin-3-cadir","title":{"rendered":"Ferrino Baffin 3 \u00c7ad\u0131r"},"content":{"rendered":"<p><span style=\"vertical-align: inherit;\"><span style=\"vertical-align: inherit;\"><\/span><\/span><\/p>\n","protected":false},"excerpt":{"rendered":"<p><span style=\"font-size: 10pt; font-weight: bold; text-decoration: underline;\">Kuma\u015f :<\/span><\/p>\n<div style=\"font-family: Arial;\"><span style=\"font-size: 10pt;\">Fly-termal, aluminised Ripstop Polyester yal\u0131t\u0131m,<\/span><\/div>\n<div style=\"font-family: Arial;\"><span style=\"font-size: 10pt;\">Su ge\u00e7irmez, nefes alabilenTexlite HT &reg; kuma\u015f,<\/span><\/div>\n<div style=\"font-family: Arial;\"><span style=\"font-size: 10pt;\">Termal yal\u0131t\u0131m sa\u011flayan , Oxford Polyester aluminised,<\/span><\/div>\n<div style=\"font-family: Arial;\"><span style=\"font-size: 10pt;\">I\u015f\u0131l bantl\u0131 diki\u015fleri g\u00fcvenli\u011fini art\u0131rarak maxsimum konfor sa\u011flar.<\/span><\/div>\n<div style=\"font-family: Arial;\"><span style=\"font-size: 10pt;\"><br \/>\n\t\t<span style=\"font-size: 10pt; font-weight: bold; text-decoration: underline;\">Yap\u0131s\u0131 :<\/span><\/span><\/div>\n<div style=\"font-family: Arial;\"><span style=\"font-size: 10pt;\">4 adet duraluminium&nbsp; poller,<\/span><\/div>\n<div style=\"font-family: Arial;\"><span style=\"font-size: 10pt;\">Kutup tarz\u0131 gerdirme ipleri,<\/span><\/div>\n<div style=\"font-family: Arial;\"><span style=\"font-size: 10pt;\">\u00c7elik kaz\u0131klar,<\/span><\/div>\n<div style=\"font-family: Arial;\"><span style=\"font-size: 10pt;\">Giri\u015f ve havaland\u0131rma ,<\/span><\/div>\n<div style=\"font-family: Arial;\"><span style=\"font-size: 10pt;\">Vestibules ,<\/span><\/div>\n<div style=\"font-family: Arial;\"><span style=\"font-size: 10pt;\">D\u0131\u015f cibinlik ile tam a\u00e7\u0131l\u0131l\u0131r \u00e7ad\u0131r kap\u0131s\u0131,<\/span><\/div>\n<div style=\"font-family: Arial;\"><span style=\"font-size: 10pt;\">Stormproof havaland\u0131rma \u00e7\u0131k\u0131\u015flar\u0131,<\/span><\/div>\n<div style=\"font-family: Arial;\"><span style=\"font-size: 10pt;\">Raisable kar kapak,<\/span><\/div>\n<div style=\"font-family: Arial;\"><span style=\"font-size: 10pt;\"><br \/>\n\t\t<span style=\"font-size: 10pt; font-weight: bold; text-decoration: underline;\">Aksesuarlar :<\/span><\/span><\/div>\n<div style=\"font-family: Arial;\"><span style=\"font-size: 10pt;\">F.A. ayar\u0131 <\/span><\/div>\n<div style=\"font-family: Arial;\"><span style=\"font-size: 10pt;\">Depolama cepleri<\/span><\/div>\n<div style=\"font-family: Arial;\"><span style=\"font-size: 10pt;\">Lamba kancas\u0131<\/span><\/div>\n<div style=\"font-family: Arial;\"><span style=\"font-size: 10pt;\">\u00d6zel Ta\u015f\u0131ma \u00e7antas\u0131<\/span><\/div>\n<div style=\"font-family: Arial;\"><span style=\"font-size: 10pt;\">Tamir kiti <\/span><\/div>\n<div style=\"font-family: Arial;\"><span style=\"font-size: 10pt;\">&nbsp;<\/span><\/div>\n<div style=\"font-family: Arial;\"><span style=\"font-size: 10pt;\">A\u011f\u0131rl\u0131k: Max.\/Min. 4,8-4,1 kg<\/span><\/div>\n","protected":false},"featured_media":31467,"template":"","meta":[],"product_brand":[],"product_cat":[775,770,720],"product_tag":[725],"class_list":{"0":"post-18151","1":"product","2":"type-product","3":"status-publish","4":"has-post-thumbnail","6":"product_cat-3-mevsim-cadirlar","7":"product_cat-cadirlar-ve-bivaklar","8":"product_cat-kamp-ve-seyahat","9":"product_tag-ferrino","11":"first","12":"instock","13":"taxable","14":"shipping-taxable","15":"product-type-simple"},"_links":{"self":[{"href":"https:\/\/searchandrescuetr.com\/index.php?rest_route=\/wp\/v2\/product\/18151","targetHints":{"allow":["GET"]}}],"collection":[{"href":"https:\/\/searchandrescuetr.com\/index.php?rest_route=\/wp\/v2\/product"}],"about":[{"href":"https:\/\/searchandrescuetr.com\/index.php?rest_route=\/wp\/v2\/types\/product"}],"wp:featuredmedia":[{"embeddable":true,"href":"https:\/\/searchandrescuetr.com\/index.php?rest_route=\/wp\/v2\/media\/31467"}],"wp:attachment":[{"href":"https:\/\/searchandrescuetr.com\/index.php?rest_route=%2Fwp%2Fv2%2Fmedia&parent=18151"}],"wp:term":[{"taxonomy":"product_brand","embeddable":true,"href":"https:\/\/searchandrescuetr.com\/index.php?rest_route=%2Fwp%2Fv2%2Fproduct_brand&post=18151"},{"taxonomy":"product_cat","embeddable":true,"href":"https:\/\/searchandrescuetr.com\/index.php?rest_route=%2Fwp%2Fv2%2Fproduct_cat&post=18151"},{"taxonomy":"product_tag","embeddable":true,"href":"https:\/\/searchandrescuetr.com\/index.php?rest_route=%2Fwp%2Fv2%2Fproduct_tag&post=18151"}],"curies":[{"name":"wp","href":"https:\/\/api.w.org\/{rel}","templated":true}]}}