{"id":18154,"date":"2022-09-05T12:04:38","date_gmt":"2022-09-05T09:04:38","guid":{"rendered":"http:\/\/searchandrescuetr.com\/urun\/evolite-trip-mono-dome-2-kisilik-cadir\/"},"modified":"2022-09-05T12:05:49","modified_gmt":"2022-09-05T09:05:49","slug":"evolite-trip-mono-dome-2-kisilik-cadir","status":"publish","type":"product","link":"https:\/\/searchandrescuetr.com\/?product=evolite-trip-mono-dome-2-kisilik-cadir","title":{"rendered":"Evolite Trip Mono Dome 2 Ki\u015filik \u00c7ad\u0131r"},"content":{"rendered":"<p><span style=\"vertical-align: inherit;\"><span style=\"vertical-align: inherit;\"><\/span><\/span><\/p>\n","protected":false},"excerpt":{"rendered":"<p>B\u00fct\u00fcn yaz ve bahar aylar\u0131ndaki kamp faaliyetlerinde kullanabilce\u011finiz ekonomik, <strong>1000 mm<\/strong> su ge\u00e7irmezlik s\u00fctununa sahiptir, \u00e7ok hafif, 2 ki\u015filik geni\u015f ,ferah kolay kurulabilen kamp \u00e7ad\u0131r\u0131d\u0131r.<\/p>\n<ul>\n<li>Poller : Fiberglass&nbsp;<\/li>\n<li>Alt Taban : 100&nbsp;polyethylene PE PU Oxford kuma\u015ft\u0131r.<\/li>\n<li>Kuma\u015f: Polyester<span style=\"font-weight: bold;\"> PU1000 mm<\/span>.<\/li>\n<li>A\u011f\u0131rl\u0131k : 1.6 kg.&nbsp;<\/li>\n<li>Boyut : 200x140x105 cm.<\/li>\n<li>Ta\u015f\u0131ma \u00e7antas\u0131, \u00e7ad\u0131r polleri ve kaz\u0131klar\u0131 ve ayarlanabilir gerdirme ipleri \u00e7ad\u0131rla birlikte verilir.<\/li>\n<li>\u00c7ad\u0131r i\u00e7inde iki tarafta b\u00f6lmeli e\u015fya cepleri bulunur.<\/li>\n<li>Fileli korumalar\u0131 sayesinde ha\u015ferelere kar\u015f\u0131 korunakl\u0131d\u0131r.<\/li>\n<li>\u00c7ad\u0131r tavan\u0131nda ayd\u0131nlatma feneri takmak i\u00e7in ask\u0131s\u0131 mevcuttur.<\/li>\n<\/ul>\n<p><img decoding=\"async\" src=\"\/class\/INNOVAEditor\/assets\/Outdoor_evolite_trip_monodome_2_ki\u015filik_kamp_\u00e7ad\u0131r\u0131.jpg\" alt=\"Evolite Monodome 2 Ki\u015filik Kamp \u00c7ad\u0131r\u0131\" style=\"margin: 0px; border: 7px solid rgb(255, 255, 255); box-shadow: rgba(0, 0, 0, 0.5) 0px 15px 10px -10px, rgba(0, 0, 0, 0.3) 0px 1px 4px; border-radius: 7px;\" border=\"0\" \/><\/p>\n<ul>\n<\/ul>\n","protected":false},"featured_media":31476,"template":"","meta":[],"product_brand":[],"product_cat":[775,770,720],"product_tag":[151],"class_list":{"0":"post-18154","1":"product","2":"type-product","3":"status-publish","4":"has-post-thumbnail","6":"product_cat-3-mevsim-cadirlar","7":"product_cat-cadirlar-ve-bivaklar","8":"product_cat-kamp-ve-seyahat","9":"product_tag-evolite","11":"first","12":"instock","13":"taxable","14":"shipping-taxable","15":"product-type-simple"},"_links":{"self":[{"href":"https:\/\/searchandrescuetr.com\/index.php?rest_route=\/wp\/v2\/product\/18154","targetHints":{"allow":["GET"]}}],"collection":[{"href":"https:\/\/searchandrescuetr.com\/index.php?rest_route=\/wp\/v2\/product"}],"about":[{"href":"https:\/\/searchandrescuetr.com\/index.php?rest_route=\/wp\/v2\/types\/product"}],"wp:featuredmedia":[{"embeddable":true,"href":"https:\/\/searchandrescuetr.com\/index.php?rest_route=\/wp\/v2\/media\/31476"}],"wp:attachment":[{"href":"https:\/\/searchandrescuetr.com\/index.php?rest_route=%2Fwp%2Fv2%2Fmedia&parent=18154"}],"wp:term":[{"taxonomy":"product_brand","embeddable":true,"href":"https:\/\/searchandrescuetr.com\/index.php?rest_route=%2Fwp%2Fv2%2Fproduct_brand&post=18154"},{"taxonomy":"product_cat","embeddable":true,"href":"https:\/\/searchandrescuetr.com\/index.php?rest_route=%2Fwp%2Fv2%2Fproduct_cat&post=18154"},{"taxonomy":"product_tag","embeddable":true,"href":"https:\/\/searchandrescuetr.com\/index.php?rest_route=%2Fwp%2Fv2%2Fproduct_tag&post=18154"}],"curies":[{"name":"wp","href":"https:\/\/api.w.org\/{rel}","templated":true}]}}