{"id":18181,"date":"2022-09-05T12:11:00","date_gmt":"2022-09-05T09:11:00","guid":{"rendered":"http:\/\/searchandrescuetr.com\/urun\/evolite-himalaya-pro-18oc-uyku-tulumu\/"},"modified":"2022-09-05T12:11:00","modified_gmt":"2022-09-05T09:11:00","slug":"evolite-himalaya-pro-18oc-uyku-tulumu","status":"publish","type":"product","link":"https:\/\/searchandrescuetr.com\/?product=evolite-himalaya-pro-18oc-uyku-tulumu","title":{"rendered":"Evolite Himalaya Pro -18\u00baC Uyku Tulumu"},"content":{"rendered":"<p><span style=\"vertical-align: inherit;\"><span style=\"vertical-align: inherit;\"><\/span><\/span><\/p>\n","protected":false},"excerpt":{"rendered":"<p><strong>Zorlu da\u011f ko\u015fullar\u0131na uygun k\u0131\u015fl\u0131k,&nbsp;<\/strong>Silikon elyaf microfiber y\u00fcksek kaliteli sentetik dolgu malzemesi sayesinde, \u00d6zellikle so\u011fuk k\u0131\u015f gecelerinde konforlu bir uyku uyuyabilirsiniz.<\/p>\n<ul>\n<li><strong>Dolgu Malzemesi:<\/strong>&nbsp;\u00c7ift katmanl\u0131, 2x200gr = 400gr\/m2 Hollowfibre 3D, silikon elyaf<\/li>\n<li><strong>D\u0131\u015f Kuma\u015f:<\/strong> 190T Taffeta Polyester&nbsp;<\/li>\n<li><strong>\u0130\u00e7 Kuma\u015f:<\/strong>&nbsp;%100 pamuk<\/li>\n<li><strong>Derecesi:<\/strong> -18 \u00baC<\/li>\n<li><strong>Boyutlar\u0131:<\/strong> 230 x 90 x 55 cm<\/li>\n<li><strong>A\u011f\u0131rl\u0131k:<\/strong> 1.9 Kg.<\/li>\n<li>S\u0131k\u0131\u015ft\u0131rma Torbal\u0131 Su Ge\u00e7irmez D\u0131\u015f K\u0131l\u0131f<\/li>\n<li>Di\u011fer uyku tulumlar\u0131yla birle\u015ftirilebilir, <span style=\"font-weight: bold;\">2 ki\u015filik uyku tulumu<\/span> haline gelir.<\/li>\n<li>\u0130ki adet asma halkas\u0131 kullanmad\u0131\u011f\u0131n\u0131z zamanlarda tulumu asarak saklaman\u0131z\u0131 sa\u011flar.<\/li>\n<li>Fermuar\u0131 \u00e7ift y\u00f6nl\u00fc a\u00e7\u0131labilir.<\/li>\n<li>So\u011fu\u011fa kar\u015f\u0131 fermuar\u0131n i\u00e7 k\u0131s\u0131mlar\u0131nda ekstra yal\u0131t\u0131m malzemesi kullan\u0131lm\u0131\u015ft\u0131r.<\/li>\n<\/ul>\n","protected":false},"featured_media":31602,"template":"","meta":[],"product_brand":[],"product_cat":[720,793,792],"product_tag":[151],"class_list":{"0":"post-18181","1":"product","2":"type-product","3":"status-publish","4":"has-post-thumbnail","6":"product_cat-kamp-ve-seyahat","7":"product_cat-sentetik-uyku-tulumlari","8":"product_cat-uyku-tulumlari","9":"product_tag-evolite","11":"first","12":"instock","13":"taxable","14":"shipping-taxable","15":"product-type-simple"},"_links":{"self":[{"href":"https:\/\/searchandrescuetr.com\/index.php?rest_route=\/wp\/v2\/product\/18181","targetHints":{"allow":["GET"]}}],"collection":[{"href":"https:\/\/searchandrescuetr.com\/index.php?rest_route=\/wp\/v2\/product"}],"about":[{"href":"https:\/\/searchandrescuetr.com\/index.php?rest_route=\/wp\/v2\/types\/product"}],"wp:featuredmedia":[{"embeddable":true,"href":"https:\/\/searchandrescuetr.com\/index.php?rest_route=\/wp\/v2\/media\/31602"}],"wp:attachment":[{"href":"https:\/\/searchandrescuetr.com\/index.php?rest_route=%2Fwp%2Fv2%2Fmedia&parent=18181"}],"wp:term":[{"taxonomy":"product_brand","embeddable":true,"href":"https:\/\/searchandrescuetr.com\/index.php?rest_route=%2Fwp%2Fv2%2Fproduct_brand&post=18181"},{"taxonomy":"product_cat","embeddable":true,"href":"https:\/\/searchandrescuetr.com\/index.php?rest_route=%2Fwp%2Fv2%2Fproduct_cat&post=18181"},{"taxonomy":"product_tag","embeddable":true,"href":"https:\/\/searchandrescuetr.com\/index.php?rest_route=%2Fwp%2Fv2%2Fproduct_tag&post=18181"}],"curies":[{"name":"wp","href":"https:\/\/api.w.org\/{rel}","templated":true}]}}