{"id":18222,"date":"2022-09-05T12:14:24","date_gmt":"2022-09-05T09:14:24","guid":{"rendered":"http:\/\/searchandrescuetr.com\/urun\/evolite-kasik-catal-set\/"},"modified":"2022-09-05T12:16:35","modified_gmt":"2022-09-05T09:16:35","slug":"evolite-kasik-catal-set","status":"publish","type":"product","link":"https:\/\/searchandrescuetr.com\/?product=evolite-kasik-catal-set","title":{"rendered":"Evolite Ka\u015f\u0131k \u00c7atal Set"},"content":{"rendered":"<p><span style=\"vertical-align: inherit;\"><span style=\"vertical-align: inherit;\"><\/span><\/span><\/p>\n","protected":false},"excerpt":{"rendered":"<p>Kamp ve genel kullan\u0131m i\u00e7in ideal Katlanabilir Kamp seti<\/p>\n<ul style=\"list-style-type: square;\">\n<li>Ka\u015f\u0131k<\/li>\n<li>B\u0131\u00e7ak (Kilitli)<\/li>\n<li>\u00c7atal<\/li>\n<li>Mantar a\u00e7aca\u011f\u0131 (tirb\u00fc\u015fon)<\/li>\n<li>Konserve a\u00e7aca\u011f\u0131<\/li>\n<li>Me\u015frubat a\u00e7aca\u011f\u0131<\/li>\n<li>D\u00fcz tornavida&nbsp;<\/li>\n<li>14 cm. Kapal\u0131 Uzunlu\u011fu<\/li>\n<li>27&nbsp;CM. A\u00e7\u0131k Uzunlu\u011fu<\/li>\n<li>135 gr. A\u011f\u0131rl\u0131k<\/li>\n<li>Kemer ve Palaskaya Tak\u0131labilen K\u0131l\u0131f<\/li>\n<\/ul>\n","protected":false},"featured_media":31763,"template":"","meta":[],"product_brand":[],"product_cat":[814,720,813,772],"product_tag":[151],"class_list":{"0":"post-18222","1":"product","2":"type-product","3":"status-publish","4":"has-post-thumbnail","6":"product_cat-catallar-ve-bicaklar","7":"product_cat-kamp-ve-seyahat","8":"product_cat-kasiklar","9":"product_cat-mutfak-aksesuarlari","10":"product_tag-evolite","12":"first","13":"instock","14":"taxable","15":"shipping-taxable","16":"product-type-simple"},"_links":{"self":[{"href":"https:\/\/searchandrescuetr.com\/index.php?rest_route=\/wp\/v2\/product\/18222","targetHints":{"allow":["GET"]}}],"collection":[{"href":"https:\/\/searchandrescuetr.com\/index.php?rest_route=\/wp\/v2\/product"}],"about":[{"href":"https:\/\/searchandrescuetr.com\/index.php?rest_route=\/wp\/v2\/types\/product"}],"wp:featuredmedia":[{"embeddable":true,"href":"https:\/\/searchandrescuetr.com\/index.php?rest_route=\/wp\/v2\/media\/31763"}],"wp:attachment":[{"href":"https:\/\/searchandrescuetr.com\/index.php?rest_route=%2Fwp%2Fv2%2Fmedia&parent=18222"}],"wp:term":[{"taxonomy":"product_brand","embeddable":true,"href":"https:\/\/searchandrescuetr.com\/index.php?rest_route=%2Fwp%2Fv2%2Fproduct_brand&post=18222"},{"taxonomy":"product_cat","embeddable":true,"href":"https:\/\/searchandrescuetr.com\/index.php?rest_route=%2Fwp%2Fv2%2Fproduct_cat&post=18222"},{"taxonomy":"product_tag","embeddable":true,"href":"https:\/\/searchandrescuetr.com\/index.php?rest_route=%2Fwp%2Fv2%2Fproduct_tag&post=18222"}],"curies":[{"name":"wp","href":"https:\/\/api.w.org\/{rel}","templated":true}]}}