{"id":18232,"date":"2022-09-05T12:16:37","date_gmt":"2022-09-05T09:16:37","guid":{"rendered":"http:\/\/searchandrescuetr.com\/urun\/evolite-red-dot\/"},"modified":"2022-09-05T12:19:23","modified_gmt":"2022-09-05T09:19:23","slug":"evolite-red-dot","status":"publish","type":"product","link":"https:\/\/searchandrescuetr.com\/?product=evolite-red-dot","title":{"rendered":"Evolite Red Dot"},"content":{"rendered":"<p><span style=\"vertical-align: inherit;\"><span style=\"vertical-align: inherit;\"><\/span><\/span><\/p>\n","protected":false},"excerpt":{"rendered":"<p>Reddot 11 kademeli noktalay\u0131c\u0131<\/p>\n<p>D\u00fcrb\u00fcn g\u00f6r\u00fcn\u00fcml\u00fc ama yaklast\u0131rma yapmaz i\u00e7inde k\u0131rm\u0131z\u0131 nokta vard\u0131r yukar\u0131 a\u015fa\u011f\u0131 ve sa\u011f sol ayarlanarak t\u00fcfek gez ve arpac\u0131\u011f\u0131 g\u00f6revini g\u00f6r\u00fcr ni\u015fan almas\u0131n\u0131 kolaylast\u0131r\u0131r ba\u011flant\u0131 ayak geni\u015fli\u011fi 10 mm<\/p>\n","protected":false},"featured_media":31807,"template":"","meta":[],"product_brand":[],"product_cat":[824,825],"product_tag":[151],"class_list":{"0":"post-18232","1":"product","2":"type-product","3":"status-publish","4":"has-post-thumbnail","6":"product_cat-havali-tufekler-silahlar","7":"product_cat-tufek-durbunleri","8":"product_tag-evolite","10":"first","11":"instock","12":"taxable","13":"shipping-taxable","14":"product-type-simple"},"_links":{"self":[{"href":"https:\/\/searchandrescuetr.com\/index.php?rest_route=\/wp\/v2\/product\/18232","targetHints":{"allow":["GET"]}}],"collection":[{"href":"https:\/\/searchandrescuetr.com\/index.php?rest_route=\/wp\/v2\/product"}],"about":[{"href":"https:\/\/searchandrescuetr.com\/index.php?rest_route=\/wp\/v2\/types\/product"}],"wp:featuredmedia":[{"embeddable":true,"href":"https:\/\/searchandrescuetr.com\/index.php?rest_route=\/wp\/v2\/media\/31807"}],"wp:attachment":[{"href":"https:\/\/searchandrescuetr.com\/index.php?rest_route=%2Fwp%2Fv2%2Fmedia&parent=18232"}],"wp:term":[{"taxonomy":"product_brand","embeddable":true,"href":"https:\/\/searchandrescuetr.com\/index.php?rest_route=%2Fwp%2Fv2%2Fproduct_brand&post=18232"},{"taxonomy":"product_cat","embeddable":true,"href":"https:\/\/searchandrescuetr.com\/index.php?rest_route=%2Fwp%2Fv2%2Fproduct_cat&post=18232"},{"taxonomy":"product_tag","embeddable":true,"href":"https:\/\/searchandrescuetr.com\/index.php?rest_route=%2Fwp%2Fv2%2Fproduct_tag&post=18232"}],"curies":[{"name":"wp","href":"https:\/\/api.w.org\/{rel}","templated":true}]}}