{"id":18235,"date":"2022-09-05T12:19:45","date_gmt":"2022-09-05T09:19:45","guid":{"rendered":"http:\/\/searchandrescuetr.com\/urun\/benzinli-cep-sobasi\/"},"modified":"2022-09-05T12:21:53","modified_gmt":"2022-09-05T09:21:53","slug":"benzinli-cep-sobasi","status":"publish","type":"product","link":"https:\/\/searchandrescuetr.com\/?product=benzinli-cep-sobasi","title":{"rendered":"Benzinli Cep Sobas\u0131"},"content":{"rendered":"<p><span style=\"vertical-align: inherit;\"><span style=\"vertical-align: inherit;\"><\/span><\/span><\/p>\n","protected":false},"excerpt":{"rendered":"<p><strong>Benzin veya di\u011fer gazlarla \u00e7al\u0131\u015fabilen 24 saatlik <span style=\"font-weight: bold;\">cep sobas\u0131.<\/span><\/strong><\/p>\n","protected":false},"featured_media":31839,"template":"","meta":[],"product_brand":[],"product_cat":[756,758,757],"product_tag":[151],"class_list":{"0":"post-18235","1":"product","2":"type-product","3":"status-publish","4":"has-post-thumbnail","6":"product_cat-diger","7":"product_cat-kamuflaj-ve-askeri-malzemeler","8":"product_cat-taktik","9":"product_tag-evolite","11":"first","12":"instock","13":"taxable","14":"shipping-taxable","15":"product-type-simple"},"_links":{"self":[{"href":"https:\/\/searchandrescuetr.com\/index.php?rest_route=\/wp\/v2\/product\/18235","targetHints":{"allow":["GET"]}}],"collection":[{"href":"https:\/\/searchandrescuetr.com\/index.php?rest_route=\/wp\/v2\/product"}],"about":[{"href":"https:\/\/searchandrescuetr.com\/index.php?rest_route=\/wp\/v2\/types\/product"}],"wp:featuredmedia":[{"embeddable":true,"href":"https:\/\/searchandrescuetr.com\/index.php?rest_route=\/wp\/v2\/media\/31839"}],"wp:attachment":[{"href":"https:\/\/searchandrescuetr.com\/index.php?rest_route=%2Fwp%2Fv2%2Fmedia&parent=18235"}],"wp:term":[{"taxonomy":"product_brand","embeddable":true,"href":"https:\/\/searchandrescuetr.com\/index.php?rest_route=%2Fwp%2Fv2%2Fproduct_brand&post=18235"},{"taxonomy":"product_cat","embeddable":true,"href":"https:\/\/searchandrescuetr.com\/index.php?rest_route=%2Fwp%2Fv2%2Fproduct_cat&post=18235"},{"taxonomy":"product_tag","embeddable":true,"href":"https:\/\/searchandrescuetr.com\/index.php?rest_route=%2Fwp%2Fv2%2Fproduct_tag&post=18235"}],"curies":[{"name":"wp","href":"https:\/\/api.w.org\/{rel}","templated":true}]}}