{"id":44553,"date":"2023-01-10T14:43:32","date_gmt":"2023-01-10T11:43:32","guid":{"rendered":"http:\/\/searchandrescuetr.com\/?post_type=product&#038;p=44553"},"modified":"2023-01-10T14:43:32","modified_gmt":"2023-01-10T11:43:32","slug":"brt-tasiyici-araba-22-25kg-kiricilar","status":"publish","type":"product","link":"https:\/\/searchandrescuetr.com\/?product=brt-tasiyici-araba-22-25kg-kiricilar","title":{"rendered":"BRT TA\u015eIYICI ARABA 22-25KG KIRICILAR"},"content":{"rendered":"","protected":false},"excerpt":{"rendered":"<div class=\"row\">\n<div id=\"productDetailTab\" class=\"col col-12 mb\">\n<div class=\"row mb\">\n<ul>\n<li>4 adet mur\u00e7la birlikte i\u015f sahas\u0131nda k\u0131r\u0131c\u0131lar\u0131 rahat ta\u015f\u0131mak i\u00e7in kablo kancal\u0131 olarak tasarlanan ta\u015f\u0131ma arabas\u0131 sayesinde i\u015f sahas\u0131nda rahat transfer<\/li>\n<li>100 kg Tedarik \u015eekli<\/li>\n<li>Toz boyal\u0131 yap\u0131s\u0131 ile i\u015f sahas\u0131 ko\u015fullar\u0131na dayan\u0131kl\u0131<\/li>\n<li>K 2000 H ve K 2500 H ile uyumludur<\/li>\n<\/ul>\n<\/div>\n<\/div>\n<\/div>\n","protected":false},"featured_media":44554,"template":"","meta":[],"product_brand":[],"product_cat":[1058],"product_tag":[],"class_list":{"0":"post-44553","1":"product","2":"type-product","3":"status-publish","4":"has-post-thumbnail","6":"product_cat-kirici-delici-makineler","8":"first","9":"instock","10":"taxable","11":"shipping-taxable","12":"product-type-simple"},"_links":{"self":[{"href":"https:\/\/searchandrescuetr.com\/index.php?rest_route=\/wp\/v2\/product\/44553","targetHints":{"allow":["GET"]}}],"collection":[{"href":"https:\/\/searchandrescuetr.com\/index.php?rest_route=\/wp\/v2\/product"}],"about":[{"href":"https:\/\/searchandrescuetr.com\/index.php?rest_route=\/wp\/v2\/types\/product"}],"wp:featuredmedia":[{"embeddable":true,"href":"https:\/\/searchandrescuetr.com\/index.php?rest_route=\/wp\/v2\/media\/44554"}],"wp:attachment":[{"href":"https:\/\/searchandrescuetr.com\/index.php?rest_route=%2Fwp%2Fv2%2Fmedia&parent=44553"}],"wp:term":[{"taxonomy":"product_brand","embeddable":true,"href":"https:\/\/searchandrescuetr.com\/index.php?rest_route=%2Fwp%2Fv2%2Fproduct_brand&post=44553"},{"taxonomy":"product_cat","embeddable":true,"href":"https:\/\/searchandrescuetr.com\/index.php?rest_route=%2Fwp%2Fv2%2Fproduct_cat&post=44553"},{"taxonomy":"product_tag","embeddable":true,"href":"https:\/\/searchandrescuetr.com\/index.php?rest_route=%2Fwp%2Fv2%2Fproduct_tag&post=44553"}],"curies":[{"name":"wp","href":"https:\/\/api.w.org\/{rel}","templated":true}]}}