{"id":44567,"date":"2023-01-10T15:24:54","date_gmt":"2023-01-10T12:24:54","guid":{"rendered":"http:\/\/searchandrescuetr.com\/?post_type=product&#038;p=44567"},"modified":"2023-01-10T15:24:55","modified_gmt":"2023-01-10T12:24:55","slug":"k-2000h-22-kg-2200-w-kirici","status":"publish","type":"product","link":"https:\/\/searchandrescuetr.com\/?product=k-2000h-22-kg-2200-w-kirici","title":{"rendered":"K 2000H 22 KG \/ 2200 W KIRICI"},"content":{"rendered":"","protected":false},"excerpt":{"rendered":"<ul>\n<li>En zorlu y\u0131k\u0131m uygulamalar\u0131 i\u00e7in kompakt ve g\u00fc\u00e7l\u00fc k\u0131r\u0131c\u0131 42 joule darbe g\u00fcc\u00fc<\/li>\n<li>Y\u00fczen v\u00fccut titre\u015fim \u00f6nleme teknolojileri, tehlikeye maruz kalma seviyelerine ula\u015fmadan kullan\u0131c\u0131n\u0131n t\u00fcm g\u00fcn \u00e7al\u0131\u015fmas\u0131n\u0131 sa\u011flar<\/li>\n<li>tutma kolu sayesinde kolay ta\u015f\u0131ma<\/li>\n<li>1300 BPM t\u00fcm uygulamalarda maksimum verimlilik sa\u011flar<\/li>\n<li>10 m kablo 314 m\u00b2\u2019ye kadar \u00e7al\u0131\u015fma alan\u0131 sa\u011flar<\/li>\n<li>28 mm Hex giri\u015f<\/li>\n<li>4 adet mur\u00e7la birlikte i\u015f sahas\u0131nda rahat ta\u015f\u0131mak i\u00e7in kablo kancal\u0131 ta\u015f\u0131ma arabas\u0131 ayr\u0131ca tedarik edilebilir.<\/li>\n<\/ul>\n","protected":false},"featured_media":44568,"template":"","meta":[],"product_brand":[],"product_cat":[1058],"product_tag":[],"class_list":{"0":"post-44567","1":"product","2":"type-product","3":"status-publish","4":"has-post-thumbnail","6":"product_cat-kirici-delici-makineler","8":"first","9":"instock","10":"taxable","11":"shipping-taxable","12":"product-type-simple"},"_links":{"self":[{"href":"https:\/\/searchandrescuetr.com\/index.php?rest_route=\/wp\/v2\/product\/44567","targetHints":{"allow":["GET"]}}],"collection":[{"href":"https:\/\/searchandrescuetr.com\/index.php?rest_route=\/wp\/v2\/product"}],"about":[{"href":"https:\/\/searchandrescuetr.com\/index.php?rest_route=\/wp\/v2\/types\/product"}],"wp:featuredmedia":[{"embeddable":true,"href":"https:\/\/searchandrescuetr.com\/index.php?rest_route=\/wp\/v2\/media\/44568"}],"wp:attachment":[{"href":"https:\/\/searchandrescuetr.com\/index.php?rest_route=%2Fwp%2Fv2%2Fmedia&parent=44567"}],"wp:term":[{"taxonomy":"product_brand","embeddable":true,"href":"https:\/\/searchandrescuetr.com\/index.php?rest_route=%2Fwp%2Fv2%2Fproduct_brand&post=44567"},{"taxonomy":"product_cat","embeddable":true,"href":"https:\/\/searchandrescuetr.com\/index.php?rest_route=%2Fwp%2Fv2%2Fproduct_cat&post=44567"},{"taxonomy":"product_tag","embeddable":true,"href":"https:\/\/searchandrescuetr.com\/index.php?rest_route=%2Fwp%2Fv2%2Fproduct_tag&post=44567"}],"curies":[{"name":"wp","href":"https:\/\/api.w.org\/{rel}","templated":true}]}}