{"id":44588,"date":"2023-01-10T16:18:11","date_gmt":"2023-01-10T13:18:11","guid":{"rendered":"http:\/\/searchandrescuetr.com\/?post_type=product&#038;p=44588"},"modified":"2023-01-10T16:18:11","modified_gmt":"2023-01-10T13:18:11","slug":"k-850s-8-kg-1400-w-kirici-delici","status":"publish","type":"product","link":"https:\/\/searchandrescuetr.com\/?product=k-850s-8-kg-1400-w-kirici-delici","title":{"rendered":"K 850S 8 KG \/1400 W KIRICI-DEL\u0130C\u0130"},"content":{"rendered":"","protected":false},"excerpt":{"rendered":"<div class=\"row\">\n<div id=\"productDetailTab\" class=\"col col-12 mb\">\n<div class=\"row mb\">\n<ul>\n<li>11 Joule g\u00fcc\u00fc ve AUTOSTOP\u2122 \u00f6zelli\u011fi ile maksimum g\u00fc\u00e7 ve g\u00fcvenlik sunar<\/li>\n<li>AUTOSTOP\u2122 \u00f6zelli\u011fi kontrol d\u0131\u015f\u0131 olu\u015fan ani 45lik keskin hareketten sonra makineyi durdurur ve i\u015f kazalar\u0131n\u0131 \u00f6nler<\/li>\n<li>Yeniden tasarlanan elektronik devreler s\u00fcrekli g\u00fc\u00e7 sunar ve en zorlu uygulamalar\u0131n \u00fcstesinden gelir<\/li>\n<li>Tetik kilidi ile uzun s\u00fcreli uygulamalarda teti\u011fe basmadan \u00e7al\u0131\u015fabilme imkan\u0131<\/li>\n<li>Uzun AVS arka tutma kolu ile iki elle delim yapabilme imkan\u0131<\/li>\n<li>Servis zaman\u0131n\u0131 g\u00f6steren ikaz \u0131\u015f\u0131\u011f\u0131<\/li>\n<li>Antivibrasyon yan tutma kolu ile daha az yorgunluk<\/li>\n<li>6 mt kablo ile 110 m2 alanda \u00e7al\u0131\u015fma imkan\u0131<\/li>\n<\/ul>\n<\/div>\n<\/div>\n<\/div>\n","protected":false},"featured_media":44589,"template":"","meta":[],"product_brand":[],"product_cat":[1058],"product_tag":[],"class_list":{"0":"post-44588","1":"product","2":"type-product","3":"status-publish","4":"has-post-thumbnail","6":"product_cat-kirici-delici-makineler","8":"first","9":"instock","10":"taxable","11":"shipping-taxable","12":"product-type-simple"},"_links":{"self":[{"href":"https:\/\/searchandrescuetr.com\/index.php?rest_route=\/wp\/v2\/product\/44588","targetHints":{"allow":["GET"]}}],"collection":[{"href":"https:\/\/searchandrescuetr.com\/index.php?rest_route=\/wp\/v2\/product"}],"about":[{"href":"https:\/\/searchandrescuetr.com\/index.php?rest_route=\/wp\/v2\/types\/product"}],"wp:featuredmedia":[{"embeddable":true,"href":"https:\/\/searchandrescuetr.com\/index.php?rest_route=\/wp\/v2\/media\/44589"}],"wp:attachment":[{"href":"https:\/\/searchandrescuetr.com\/index.php?rest_route=%2Fwp%2Fv2%2Fmedia&parent=44588"}],"wp:term":[{"taxonomy":"product_brand","embeddable":true,"href":"https:\/\/searchandrescuetr.com\/index.php?rest_route=%2Fwp%2Fv2%2Fproduct_brand&post=44588"},{"taxonomy":"product_cat","embeddable":true,"href":"https:\/\/searchandrescuetr.com\/index.php?rest_route=%2Fwp%2Fv2%2Fproduct_cat&post=44588"},{"taxonomy":"product_tag","embeddable":true,"href":"https:\/\/searchandrescuetr.com\/index.php?rest_route=%2Fwp%2Fv2%2Fproduct_tag&post=44588"}],"curies":[{"name":"wp","href":"https:\/\/api.w.org\/{rel}","templated":true}]}}